 r(l) = -l**3 + 40*l**2 - 265*l + 2995. Give r(35).
-155
Let s(p) = p**3 - 21*p**2 + 47*p + 51. What is s(18)?
-75
Let t(g) = 448910*g + 2693447. Determine t(-6).
-13
Let m(l) = -3372*l**2 + 10120*l - 6. Give m(3).
6
Let q(l) = -43*l**3 + 7*l**2 + 2*l - 197. What is q(0)?
-197
Let n(j) = -22002*j - 40945712. Calculate n(-1861).
10
Let q(s) = -2270*s - 72641. Calculate q(-32).
-1
Let p(o) = 2*o**3 + 8*o**2 - 29*o - 175. Calculate p(-3).
-70
Let x(v) = -154*v - 2758. Give x(-12).
-910
Let n(h) = 5084*h + 1260791. Give n(-248).
-41
Let t(k) = 2939*k - 31622. What is t(12)?
3646
Let u(f) = -f**3 - f**2 + 51186*f - 255773. What is u(5)?
7
Let v(y) = y**2 - 92*y + 1437. Calculate v(69).
-150
Let g(t) = 4*t**3 - 175*t**2 - 25*t - 863. Determine g(44).
-27
Let w(a) = a**3 + a**2 + 110*a + 338. Determine w(-3).
-10
Let y(o) = -6*o**3 + 1909*o**2 + 1601*o - 1473. Give y(319).
441
Let o(p) = p**3 + 65*p**2 + 169*p - 796. Give o(-62).
258
Let k(g) = -4*g**2 - 556*g - 2781. Give k(-133).
411
Let n(q) = -4*q**2 + 953*q - 2768. What is n(235)?
287
Let j(k) = -2174*k + 4365. Calculate j(2).
17
Let i(f) = -5*f**3 - 32*f**2 + 35*f + 253. Give i(-3).
-5
Let p(c) = -2*c**2 + 192*c + 2520. Calculate p(-11).
166
Let v(a) = a**2 + 355852*a + 2. Calculate v(0).
2
Let b(y) = -y**2 + 1797*y - 12635. What is b(7)?
-105
Let i(c) = c**3 - 849*c**2 + 11628*c + 293. Give i(14).
-575
Let q(a) = -438*a**2 - 8740*a + 435. What is q(-20)?
35
Let w(c) = 2*c**3 - 76*c**2 + 708*c - 291. Give w(15).
-21
Let q(c) = c**2 + 1178*c - 54964. Calculate q(45).
71
Let y(x) = -261*x**2 - 3162*x - 198. Give y(-12).
162
Let y(i) = -5*i**2 - 5131*i + 125999. Give y(24).
-25
Let s(f) = -377061*f - 1885292. What is s(-5)?
13
Let j(i) = 3820*i**2 - 6062341*i + 1594. Calculate j(1587).
7
Let a(m) = -2278*m - 45583. Give a(-20).
-23
Let w(v) = 8*v**2 - 11*v - 7. Calculate w(-2).
47
Let y(c) = 153*c**2 - 678*c + 226. What is y(4)?
-38
Let x(b) = -2139*b**3 + 10682*b**2 + 68*b - 5. Calculate x(5).
10
Let s(q) = 495*q - 14822. Give s(30).
28
Let i(u) = 15*u**2 - 3160*u + 8325. What is i(208)?
5
Let d(o) = 4*o**2 + 608*o + 13742. What is d(-124)?
-146
Let r(m) = -2*m**2 + 1249*m - 193213. Determine r(283).
76
Let k(w) = 3993*w + 80111. Give k(-20).
251
Let u(s) = -4*s**3 + 1095*s**2 + 94*s + 49330. Calculate u(274).
10
Let f(u) = -2*u**3 + 364*u**2 - 6229*u - 52. Determine f(19).
-717
Let z(f) = -82*f**2 - 72*f - 7. Calculate z(-1).
-17
Let m(w) = 2667*w + 30758. Determine m(-12).
-1246
Let b(p) = p**2 - 360579*p - 4. Determine b(0).
-4
Let w(l) = 2*l**3 + 40*l**2 + 46*l + 1281. Give w(-21).
-567
Let v(d) = -8324*d - 133198. Determine v(-16).
-14
Let m(u) = 12*u**2 - 363*u - 9344. Calculate m(-16).
-464
Let l(i) = -40*i - 45. Give l(-2).
35
Let f(m) = -563*m + 23204. Determine f(40).
684
Let t(i) = -273*i - 23024. Determine t(-84).
-92
Let x(r) = -r**3 - 188*r**2 + 2039*r + 11688. Calculate x(-198).
6
Let j(z) = -2*z**3 - 18*z**2 - 1643*z - 14794. Determine j(-9).
-7
Let j(b) = -5*b**3 - 36*b**2 + 96*b + 718. Give j(-7).
-3
Let u(a) = -3*a**3 + 9*a**2 + 212*a - 810. What is u(4)?
-10
Let k(v) = 309*v + 766. Give k(-5).
-779
Let o(l) = -l**3 + 208*l**2 + 54011*l - 11234294. Give o(208).
-6
Let b(s) = 21*s**2 - 821*s + 7604. Give b(24).
-4
Let m(z) = z**3 - z**2 - 77*z - 154. What is m(-2)?
-12
Let w(g) = -48719*g - 876939. What is w(-18)?
3
Let s(q) = -2*q**3 - 588*q**2 + 2402*q + 5391. Give s(-298).
27
Let d(q) = -558*q - 41812. Determine d(-75).
38
Let n(q) = -4*q**3 + 5*q**2 + 79*q + 68. Give n(4).
208
Let c(k) = 3*k**2 - 2050*k + 32113. What is c(16)?
81
Let r(n) = 3380*n - 19393. Calculate r(6).
887
Let o(v) = -29*v**3 - 5*v**2 - 4779*v + 4784. Determine o(1).
-29
Let p(v) = -v**3 - 16*v**2 + 23*v - 274. Calculate p(-18).
-40
Let v(p) = p**3 + 669*p**2 - 7394*p - 963. Calculate v(11).
-17
Let c(k) = -12*k**2 - 2238*k - 49295. Calculate c(-161).
-29
Let z(r) = -9202*r + 25920. What is z(3)?
-1686
Let y(i) = -11232*i + 651455. Calculate y(58).
-1
Let h(m) = -m**3 + 275*m**2 + 512*m - 65137. What is h(276)?
-1
Let g(a) = a**3 - 42*a**2 + 146*a + 63. Determine g(4).
39
Let d(i) = 91*i + 15456. Determine d(-170).
-14
Let w(j) = -2*j**3 + 498*j**2 - 1681*j + 293873. What is w(248)?
-7
Let z(i) = i**3 - 97*i**2 - 789*i - 143. Determine z(-8).
-551
Let i(v) = -48*v**2 - 3489*v + 44216. What is i(11)?
29
Let d(a) = 14*a**2 - 57*a - 19. What is d(-2)?
151
Let u(q) = 29*q**3 - 2463*q**2 - 128*q - 3565. Give u(85).
5
Let j(l) = -l**3 - 80*l**2 - 882*l + 31. What is j(-15)?
-1364
Let r(o) = -17*o**3 - 5*o**2 + 44*o - 181. Calculate r(4).
-1173
Let c(s) = 28*s**3 + 2072*s**2 + 12*s + 226. Calculate c(-74).
-662
Let x(y) = -6*y**3 - 1715*y**2 - 3124*y + 21. What is x(-284)?
21
Let k(z) = z**3 - 303*z**2 + 15796*z + 1082. Give k(67).
10
Let h(o) = 11*o**2 - 27*o - 62. Calculate h(4).
6
Let f(l) = 2*l**3 - 3*l**2 - 11761*l + 1428. What is f(-76)?
-16
Let d(v) = v**2 + 5983*v - 156199. What is d(26)?
35
Let v(x) = 975656*x - 2926964. Determine v(3).
4
Let f(l) = -10*l**2 - 1219*l - 7289. Give f(-6).
-335
Let t(v) = -947*v - 137308. Determine t(-145).
7
Let g(q) = 8*q**2 - 437*q + 559. Calculate g(53).
-130
Let d(n) = 2369*n - 35614. Calculate d(15).
-79
Let p(s) = -231*s + 7963. Give p(19).
3574
Let i(h) = 5*h**3 + 238*h**2 - 1153*h - 526. Determine i(-52).
-58
Let c(s) = s**2 + 40*s - 505. Determine c(-51).
56
Let b(v) = 8311*v + 24993. Calculate b(-3).
60
Let w(n) = -n**3 + 265*n**2 + 110*n - 29146. Determine w(265).
4
Let i(q) = -542*q + 67659. Determine i(124).
451
Let v(i) = 1100*i + 103343. Determine v(-94).
-57
Let a(v) = 1448*v + 7428. What is a(-5)?
188
Let k(z) = -29*z**2 + 1459*z - 4084. What is k(3)?
32
Let d(b) = -2*b**3 + 170*b**2 + 894*b + 139. Calculate d(90).
-401
Let h(g) = 164*g - 4066. Determine h(33).
1346
Let n(g) = -5479*g + 438338. What is n(80)?
18
Let i(r) = -2*r**2 - 82*r + 3596. Calculate i(23).
652
Let l(x) = 83383*x - 250175. Give l(3).
-26
Let u(o) = -131*o - 1851. What is u(-13)?
-148
Let l(a) = -a**3 + 137*a**2 - 3633*a - 305. Give l(101).
-2
Let v(p) = -p**3 + 51*p**2 - 18*p + 108. What is v(51)?
-810
Let m(v) = -v**3 - 61*v**2 - 506*v - 9. What is m(-10)?
-49
Let m(n) = -4*n**3 + 43*n**2 - 6*n - 39. Give m(10).
201
Let m(c) = -c**2 - 22406*c + 897847. Give m(40).
7
Let y(k) = -1305*k + 2836. Calculate y(2).
226
Let x(k) = -8598*k - 12269340. Give x(-1427).
6
Let n(a) = -a**3 + 41*a**2 + 253*a - 5423. Calculate n(44).
-99
Let p(x) = -33459*x + 100408. What is p(3)?
31
Let g(b) = -150*b**2 - 6873*b + 319. Determine g(-46).
-923
Let s(g) = 17*g + 1422. Calculate s(-53).
521
Let f(k) = 2*k**2 - 278*k + 1103. Give f(4).
23
Let b(w) = -w**3 + 8*w**2 + 528*w + 182. Determine b(-19).
-103
Let a(p) = -p**3 + 153*p**2 - 2760*p - 15969. Calculate a(131).
13
Let s(v) = -v**3 - 89*v**2 - 1206*v + 1289. Give s(-72).
-7
Let i(k) = 14214*k - 5273397. Determine i(371).
-3
Let w(c) = -18*c**2 - 1079*c - 8957. Give w(-50).
-7
Let x(u) = -5*u**2 + 864*u + 150070. Calculate x(280).
-10
Let a(p) = 2*p**2 + 905*p + 41281. Give a(-51).
328
Let w(s) = 83*s**2 + 27467*s - 1079. Determine w(-331).
907
Let j(v) = -5*v**2 + 21*v + 100. Calculate j(-5).
-130
Let p(m) = 10*m**2 + 184*m + 16. What is p(8)?
2128
Let u(f) = -28*f - 2505. Determine u(-66).
-657
Let u(j) = -1827*j + 3026. Determine u(2).
-628
Let s(g) = -2902*g + 203140. Give s(70).
0
Let s(m) = m**3 - 45*m**2 + 483*m + 155. Calculate s(27).
74
Let r(p) = -2076*p - 273806. Calculate r(-132).
226
Let k(f) = -377*f**2 - 6318*f + 1543. Give k(-17).
-4
Let s(y) = 8*y**3 - 55*y**2 - 28*y - 155. Calculate s(8).
197
Let x(z) = 2*z**3 + 14*z**2 + 2*z. Determine x(-7).
-14
Let d(q) = q**3 + 1302*q**2 + 4762*q + 2810605. Calculate d(-1300).
5
Let z(y) = y**2 + 388404*y + 1553596. Determine z(-4).
-4
Let p(k) = 6*k**2 + 2129*k + 107301. What is p(-294)?
-9
Let t(b) = 14*b**2 - 1784*b - 14306. Calculate t(135).
4
Let z(d) = -3715*d + 62973. What is z(17)?
-182
Let k(n) = -n**2 + 633*n - 76467. Determine k(163).
143
Let m(g) = -54*g**3 - 911*g**2 + 117*g - 89. What is m(-17)?
-55
Let j(u) = u**3 - 222*u**2 + 8837*u + 391. What is j(170)?
-119
Let q(y) = -24440*y - 97783. Determine q(-4).
-23
Let s(t) = 10*t**2 - 3794*t - 75702. What is s(-19)?
-6
Let q(h) = 